mmon divisor of 46 and 1774.
2
What is the greatest common divisor of 517 and 10293?
47
Calculate the greatest common factor of 2212 and 332.
4
What is the highest common divisor of 879039 and 189?
189
What is the greatest common divisor of 13518 and 450?
18
Calculate the greatest common factor of 104 and 617851.
13
What is the greatest common divisor of 38817 and 1368?
171
Calculate the highest common divisor of 151073 and 13.
13
What is the greatest common factor of 43061 and 298?
149
What is the highest common factor of 1364 and 463636?
124
Calculate the highest common divisor of 61171 and 332.
83
What is the highest common divisor of 389090 and 312?
26
Calculate the greatest common divisor of 1813 and 29792.
49
Calculate the greatest common divisor of 5567 and 969.
19
What is the greatest common factor of 64 and 269536?
32
What is the highest common factor of 200 and 205150?
50
Calculate the greatest common factor of 20090 and 3514.
14
Calculate the highest common factor of 18887 and 561.
187
Calculate the greatest common factor of 8704 and 833.
17
Calculate the highest common divisor of 233388 and 162.
54
Calculate the greatest common factor of 33184 and 102.
34
Calculate the highest common factor of 1682173 and 11619.
1291
What is the greatest common divisor of 3864 and 16968?
168
Calculate the highest common factor of 55 and 1786609.
11
Calculate the greatest common factor of 626 and 11135914.
626
Calculate the highest common factor of 33652 and 716.
716
What is the greatest common factor of 418891 and 9099?
337
Calculate the highest common divisor of 1179308 and 52.
52
What is the greatest common factor of 3501 and 78967?
389
What is the greatest common factor of 248 and 273761?
31
What is the highest common divisor of 69083 and 23491?
139
What is the highest common factor of 11570 and 260?
130
What is the greatest common divisor of 321 and 238503?
321
Calculate the highest common factor of 1 and 1094324.
1
What is the highest common divisor of 2015 and 206739?
403
What is the highest common divisor of 616 and 434?
14
What is the highest common divisor of 158131 and 93?
31
Calculate the greatest common factor of 10317496 and 8.
8
Calculate the highest common factor of 1478 and 1602891.
739
What is the greatest common divisor of 3417022 and 14?
14
What is the greatest common factor of 52544 and 2816?
64
Calculate the greatest common divisor of 12679 and 155.
31
Calculate the greatest common factor of 52 and 355277.
13
Calculate the highest common divisor of 99188 and 411.
137
Calculate the greatest common factor of 27071 and 368.
23
What is the greatest common divisor of 2831 and 10430?
149
Calculate the greatest common factor of 2437922 and 3896.
974
Calculate the greatest common factor of 892 and 442655.
223
What is the greatest common divisor of 2847 and 2067?
39
Calculate the highest common factor of 22511984 and 1628.
1628
Calculate the highest common divisor of 5 and 2551.
1
What is the highest common factor of 70 and 12490?
10
What is the highest common divisor of 4172 and 476?
28
Calculate the highest common divisor of 2324457 and 108.
27
Calculate the greatest common factor of 4374 and 1917.
27
What is the highest common factor of 320 and 9860?
20
Calculate the greatest common divisor of 830 and 6534590.
830
Calculate the greatest common divisor of 7740 and 69144.
516
Calculate the greatest common factor of 211 and 15403.
211
Calculate the highest common divisor of 160463 and 17.
17
Calculate the greatest common divisor of 75 and 615675.
75
What is the greatest common factor of 814 and 16502?
74
What is the highest common divisor of 10624 and 48389?
83
Calculate the greatest common factor of 2186058 and 219.
219
Calculate the highest common factor of 3887 and 2208.
23
Calculate the highest common factor of 35 and 142260.
5
Calculate the highest common factor of 1171687 and 22.
11
Calculate the highest common divisor of 555096 and 24.
24
Calculate the greatest common factor of 261765 and 5670.
945
Calculate the greatest common divisor of 1477 and 12027.
211
What is the highest common divisor of 4476 and 648?
12
What is the highest common divisor of 122415 and 15?
15
Calculate the greatest common divisor of 248 and 412083.
31
What is the greatest common divisor of 15193930 and 2330?
2330
Calculate the greatest common factor of 5 and 993.
1
What is the greatest common factor of 17 and 294678?
17
Calculate the greatest common divisor of 6993 and 23436.
189
What is the highest common divisor of 21423 and 555?
111
What is the greatest common divisor of 20 and 306775?
5
Calculate the highest common divisor of 10272 and 7918.
214
What is the highest common factor of 17 and 461108?
17
What is the highest common divisor of 12 and 19998?
6
Calculate the highest common divisor of 2415 and 15.
15
What is the greatest common factor of 66 and 137027?
11
What is the greatest common divisor of 42 and 5257?
7
What is the highest common factor of 3948 and 4368?
84
Calculate the highest common factor of 30 and 36606.
6
Calculate the highest common divisor of 200568 and 120.
24
Calculate the greatest common divisor of 246 and 29602.
82
Calculate the greatest common factor of 1099 and 185417.
157
Calculate the greatest common divisor of 176622 and 24.
6
What is the highest common divisor of 861262 and 662?
662
Calculate the highest common factor of 8316 and 2156.
308
Calculate the highest common divisor of 22183 and 7.
7
Calculate the highest common factor of 3438 and 342.
18
Calculate the greatest common divisor of 98 and 60907.
49
Calculate the greatest common factor of 40486 and 1364.
62
What is the highest common factor of 201255 and 60?
15
Calculate the highest common factor of 26 and 6071.
13
What is the highest common factor of 52 and 125242?
26
Calculate the greatest common factor of 628134 and 91.
13
Calculate the highest common factor of 66 and 40098.
6
Calculate the greatest common divisor of 81921 and 84.
21
Calculate the greatest common factor of 33 and 11836.
11
Calculate the greatest common factor of 1406 and 25650.
38
What is the highest common factor of 612 and 40188?
204
What is the greatest common factor of 8208 and 192?
48
Calculate the highest common factor of 522 and 256302.
522
What is the highest common factor of 14758 and 2512?
314
Calculate the greatest common factor of 11972 and 6.
2
Calculate the greatest common divisor of 2358 and 387.
9
Calculate the greatest common factor of 59200 and 1728.
64
What is the highest common divisor of 1708 and 645197?
427
What is the greatest common divisor of 24 and 7780032?
24
What is the highest common divisor of 304 and 30856?
152
What is the greatest common divisor of 95417 and 5117?
301
Calculate the highest common divisor of 1903 and 60313.
11
What is the greatest common factor of 222 and 538054?
74
What is the greatest common factor of 2020373 and 179?
179
What is the highest common divisor of 899 and 1953?
31
What is the greatest common divisor of 1513368 and 16?
8
What is the highest common divisor of 17476 and 289?
17
Calculate the highest common divisor of 123 and 9635.
41
What is the highest common divisor of 4004 and 577668?
364
What is the greatest common factor of 3444 and 119966?
574
What is the highest common divisor of 35997 and 1278?
213
What is the greatest common factor of 32076 and 990?
198
Calculate the greatest common factor of 1402 and 32.
2
What is the highest common divisor of 1545846 and 992?
62
Calculate the greatest common factor of 16325 and 275.
25
Calculate the highest common factor of 14445 and 405.
135
Calculate the greatest common factor of 40285 and 315.
35
What is the greatest common divisor of 288 and 1422?
18
What is the greatest common divisor of 55740 and 3000?
60
Calculate the greatest common divisor of 4 and 384094.
2
What is the greatest common divisor of 1221662 and 988?
494
Calculate the highest common factor of 59 and 273878.
59
Calculate the highest common factor of 1148027 and 85.
17
What is the greatest common divisor of 3852 and 495?
9
What is the highest common divisor of 9 and 201564?
9
What is the greatest common divisor of 710 and 6880610?
710
Calculate the highest common factor of 191901 and 47.
47
What is the greatest common f